factors of p(-5).
31, 107
Suppose -10*k = 2*k - 4728. List the prime factors of k.
2, 197
Let h = 21 + 0. Suppose -m + 9 + h = 0. What are the prime factors of m?
2, 3, 5
Let d = 688 + -641. List the prime factors of d.
47
Let o = -874 - -238. List the prime factors of ((1*o)/(-2))/(-4 + 6).
3, 53
Suppose -2*b = 4*v - 44, 5*b + 8*v - 3*v - 130 = 0. Let o = b - 61. Let t = 50 + o. What are the prime factors of t?
19
Let l(b) = 41*b**2 + 14*b - 86. List the prime factors of l(5).
1009
Suppose 0 = -7*x + 12*x - 25. Suppose -2*d - x = -11. Suppose s + 0*s - o = 59, d*s = o + 173. List the prime factors of s.
3, 19
Suppose -213 = 4*l + 55. Let g = -35 - l. What are the prime factors of g?
2
Suppose -2*i - 1 = -7, 5*i = 3*x - 1056. Suppose -x = -12*k + 5*k. What are the prime factors of k?
3, 17
Let g(r) = 14*r**2 - 28*r - 195. What are the prime factors of g(-12)?
3, 719
Let z(w) = w**2 - 2*w + 8. Let h be z(4). Let q be ((-1)/((-4)/h))/2. Suppose -q*p = -8*p + 396. List the prime factors of p.
2, 3, 11
Suppose x - 2 = 22. Suppose -3*z + x = 9. Suppose 3*o - 2*d = z + 56, -d = o - 17. What are the prime factors of o?
19
Suppose 285*o = 291*o - 27792. List the prime factors of o.
2, 3, 193
Suppose -8 = -3*h + 1. Suppose -6 = u + i - h*i, 5*i = -4*u + 28. Suppose u*g + g = 102. What are the prime factors of g?
2, 17
Let j(f) = f**2 + 3*f + 120. Let v be j(0). Let h = v - 82. What are the prime factors of h?
2, 19
Suppose 2*d + 52 = 5*q - q, -5*d + 2*q - 170 = 0. Let o = d - -53. What are the prime factors of o?
17
Suppose -2*c + 8 = 0, -3*g - 2*g + 33 = 2*c. Suppose g*t + l - 20 = 0, -4*t + 8*l - 3*l = -16. What are the prime factors of t?
2
Let a be 1*-2 - 0 - 2. Suppose 4*h - 81 = -5*q, -3*q - q + 60 = 2*h. Let j = q + a. List the prime factors of j.
3
Suppose 5*x + 93 = -2*d, 10*x - 141 = 4*d + 5*x. Let t = 89 + d. What are the prime factors of t?
2, 5
Let u = -616 + 1538. List the prime factors of u.
2, 461
Suppose -25 = -4*q - q. Suppose 5*x = -q*p + 54 + 21, -3*p + 5 = -x. Suppose x + 50 = 5*b. List the prime factors of b.
2, 3
Let q(o) = 107*o + 58. List the prime factors of q(12).
2, 11, 61
Suppose 5*o + 2*a - 5426 = 0, 2*o - o - 1093 = -3*a. What are the prime factors of o?
2, 271
Let h(z) = z**3 - 25*z**2 - 34*z - 47. List the prime factors of h(27).
17, 29
Let c = 17 - -1. Suppose -2*r - 8 = -32. Let y = c - r. List the prime factors of y.
2, 3
Let g be 8/(-20) - 114/(-10). Let b = -16 + 47. Let i = b - g. List the prime factors of i.
2, 5
Let z be (3 - 2)*5 - -68. Suppose z = 3*x - 206. List the prime factors of x.
3, 31
Suppose -6*h = -1080 - 210. List the prime factors of h.
5, 43
Let a(i) = i**3 + 8*i**2 - 14*i - 14. What are the prime factors of a(-7)?
7, 19
Let p(n) = 31*n - 4. Let y be (-3)/1*11/(-11). What are the prime factors of p(y)?
89
Let n(j) = -j**3 + j**2 - 14*j - 6. Let v be n(-6). Suppose -5*i = v + 120. Let z = i + 131. List the prime factors of z.
41
Let u be (-4220)/(-16) + 2/8. Suppose s = -s + u. Suppose 5*r - s = 2*r. What are the prime factors of r?
2, 11
Suppose -35*q + 10*q = -5750. What are the prime factors of q?
2, 5, 23
Let p(y) = 15*y**3 - y**2 - 14*y + 16. List the prime factors of p(5).
2, 449
Let m(k) = 5*k - 33. Let b be m(16). Let u = 52 + b. List the prime factors of u.
3, 11
Let k(i) = i**2 - 12*i + 22. Let j be k(10). What are the prime factors of (6 + -3)*(j - -35)?
3, 37
Let j(g) = -3*g - 1. Let a(p) = p**3 + 7*p**2 - 8*p - 1. Let d(z) = -4*z + 4. Let x be d(3). Let i be a(x). What are the prime factors of j(i)?
2
Let i = -104 - -142. What are the prime factors of i?
2, 19
Let r(a) be the first derivative of 8*a - 5 + 5/2*a**2. List the prime factors of r(11).
3, 7
Suppose -5*d = -d. Suppose 2*m + 439 = 3*i - 3*m, d = -i - 5*m + 133. Let u = i + -97. List the prime factors of u.
2, 23
Let s(w) = -w**3 - 11*w**2 - w - 8. Let z be s(-11). Suppose -z*c + 230 - 23 = 0. List the prime factors of c.
3, 23
Let b(s) = -53*s + 57*s + 1 + 11*s**2 - s**3 + 0*s**2. What are the prime factors of b(11)?
3, 5
Suppose -1556 = -2*u - k, -4*u - 60*k + 63*k = -3092. List the prime factors of u.
2, 97
Let y(l) = 6*l**2 - 5*l - 2. Suppose -2 = i - 6. What are the prime factors of y(i)?
2, 37
Suppose 2*m + 4 - 10 = 0, 2*r - 3*m - 6027 = 0. What are the prime factors of r?
2, 3, 503
Suppose -g - g - 20 = 4*a, g - 14 = 2*a. Let c be 0 - -3*(-2)/a. List the prime factors of 50 - (0 - c - -3).
2, 3
Let x(l) = -l**2 + 6. Let k be x(0). Let p be (4/(-8))/(5/(-1050)). Suppose -p = v - k*v. List the prime factors of v.
3, 7
Suppose -2*i + 135 + 33 = 0. Let y = i - 40. List the prime factors of y.
2, 11
Let d(y) = -y**3 + y**2 - y. Let g(c) = 2*c + 25. Let k be g(-13). Let p(w) = -9*w**2 - 10*w + 3. Let q(n) = k*d(n) + p(n). List the prime factors of q(11).
5
Suppose -4 - 7 = -i + 5*s, -4*s + 20 = 0. Suppose 2*h = 5*u - 3*h - 120, 3*h - i = -u. Suppose -u - 15 = -2*v. List the prime factors of v.
3, 7
Suppose 0 = -s + 105 + 89. Let z = s + -65. Suppose -5*a = -d + 63, 8*a + z = 3*d + 5*a. What are the prime factors of d?
2, 19
Suppose 4*s = 13*s - 54. List the prime factors of (-1 - -4)*(36 - s).
2, 3, 5
Let z(x) = x**3 - x**2 - 6*x - 14. Let w be z(7). Suppose w = m - 7. List the prime factors of m.
5, 7
Let k(o) = -138*o - 12. Let l be k(2). List the prime factors of l/160*(-60)/2.
2, 3
Let d = 23 + -14. Let v be 272/d + (-2)/9. What are the prime factors of 582/v - 2/5?
19
Suppose 7 = 3*b - 41. Suppose 3 = -5*a + q + 15, -5*a = -3*q - b. What are the prime factors of a - (-4)/4*29?
31
What are the prime factors of 1*(2 + 1) + 3 + 3086?
2, 773
Suppose -24*m + 714 = -21*m. Suppose -2*w - 2*b = -m, -w + 627 = 4*w - 3*b. What are the prime factors of w?
3, 41
Let j = 38 + -42. List the prime factors of -1 - 0 - (-35 + (-3 - j)).
3, 11
Suppose 5*b - 53 = 17. Let w = 13 - b. List the prime factors of 36 - (w - (0 + 1)).
2, 19
What are the prime factors of (0 + 12)/((-60)/(-14550))?
2, 3, 5, 97
List the prime factors of (-42)/7 + 6 + (-2 - -33).
31
Let k = -20 - -25. Let i(h) = -h**2 + 13*h - 18. Let s be i(11). Suppose -k*d = m - 9 - 14, 44 = 4*m - s*d. What are the prime factors of m?
13
Let a = -44 + 48. Suppose 0 = -5*s - 15, -9*f + s + 33 = -a*f. List the prime factors of f.
2, 3
Let g = 3691 + -1881. What are the prime factors of g?
2, 5, 181
What are the prime factors of (916/(-6))/(64/(-96))?
229
Suppose -23*f - 5*y - 4403 = -26*f, -2*f + 2940 = -y. What are the prime factors of f?
1471
Let p(q) = -57*q + 4. Let t be p(-3). Suppose t = 8*r - r. Suppose -2 = -3*o + 3*v + r, 5*o + 3*v = 53. List the prime factors of o.
2, 5
Let u(x) = 32*x**2 + 52*x + 228. List the prime factors of u(-5).
2, 3
Let g(k) be the second derivative of k**4/12 - 3*k**3/2 - 18*k**2 - 17*k. List the prime factors of g(13).
2
Suppose b = -b + 4, -356 = -3*t + 2*b. Suppose 7*q - 3*q + t = 0. Let c = -7 - q. List the prime factors of c.
23
Let v(s) = 51*s**2 + 8*s + 25. List the prime factors of v(-3).
2, 5, 23
What are the prime factors of 4/((-12)/94926*-13)?
2, 1217
Suppose -26 = n - 5. Let f = 59 + n. What are the prime factors of f?
2, 19
Let q be 3 - 2 - (-2 + 0). Suppose 0 = 4*r + 3*i - 21 - 17, -3*r - q*i = -30. List the prime factors of 122/r + (-2)/8.
3, 5
What are the prime factors of (-6 - (-180)/27)*2094/4?
349
Let r = 51 - -72. Let m = -74 + r. List the prime factors of m.
7
Let w = -173 + 92. Let o = w + 102. What are the prime factors of o?
3, 7
Let f be 6/5*1000/(-8). Let p = 298 + f. List the prime factors of p.
2, 37
Suppose -110*y = -142*y + 77472. List the prime factors of y.
3, 269
Let j(x) = x**2 - 18*x + 18. Let s = 24 + -7. Let b be j(s). List the prime factors of 4/(-2) - (-10 + b).
7
Let d be (-4)/(-14) - 166/(-7). Suppose 2*h - 75 = 5*a + h, 2*a + 5*h + 30 = 0. Let c = a + d. List the prime factors of c.
3
Let a be (4/8)/(3/2316). Suppose 7*g = 1217 + a. What are the prime factors of g?
229
What are the prime factors of (97/2 + 0)/(18/252)?
7, 97
Let g = 11 + -7. Let y(s) = s**3 - 5*s**2 - 19*s + 11. Let l be y(7). What are the prime factors of ((-2)/g)/(2/l)?
2, 3
Let v = 306 - 125. List the prime factors of v.
181
Suppose -2 = f - 5. Suppose 0 = 2*l + 2*l + f*p - 4305, l - 1077 = -p. List the prime factors of 4/22 - l/(